**3/2 + o**2/2 - o. Suppose 3*g - 20 = -2*g. Suppose -3*x = -5*a - 7*x - g, 3*a = -3*x. Give l(a).
13
Let o be ((-3)/9)/((-1)/(-3)). Let m = 139 + -133. Let y(x) = x**3 + x**2 + 5*x + 3. Let i(u) = u + 1. Let t(b) = m*i(b) + o*y(b). Give t(0).
3
Let u(m) = -6*m + 1. Suppose 3*i - 3*r + 4 - 13 = 0, 3*r + 7 = i. Suppose -4*s - i + 5 = 0. Give u(s).
-5
Let h(d) = d - 2. Let u(p) be the first derivative of -p**3/3 + 21*p**2/2 + 15*p - 18. Let r be u(22). Calculate h(r).
-9
Let p be (-7 - -9)*(-29)/2. Let c = p + 30. Let m(u) = -8*u**3 - 3. Let b(x) = 24*x**3 + x + 10. Let n(r) = 2*b(r) + 7*m(r). Determine n(c).
-7
Let f = 94 - 92. Let q = 28 - 16. Let w(l) = l**3 - 17*l - q*l + f + 29*l. Determine w(0).
2
Suppose -z = -10*z + 783. Let t = 93 - z. Let h(o) = -3*o + 0*o + 3*o + 2*o - 1. Calculate h(t).
11
Let z(f) = 9*f - 47. Let k = -685 + 690. Calculate z(k).
-2
Let f(n) = -n. Let w(g) = -3*g**3 - 2*g**2 - 2*g - 1. Let z be w(-1). Let x be (-2)/11 + 62/(-22). Let i be x + (z - 0) + 1. Determine f(i).
0
Let t(i) be the third derivative of i**5/60 - i**4/2 + 7*i**3/3 + 7*i**2 - 13*i. Calculate t(11).
3
Let v(z) = -z**2 + 53*z - 144. Let l be v(3). Let o(h) be the first derivative of -h**4/4 + 5*h**3/3 + 4*h**2 - 4*h + 2. Determine o(l).
8
Let o(x) be the first derivative of -x**2/2 - 4*x + 510. Give o(-5).
1
Let l = 7 + -9. Let m be (8/6 + l)*-3. Suppose 22 = 4*h - m. Let n(q) = q**2 - 7*q + 3. Determine n(h).
-3
Let s(h) = 5*h - 40. Suppose 0 = -385*a + 410*a - 200. Give s(a).
0
Let o(z) = 9*z - 12. Let x = -971 + 976. Determine o(x).
33
Let l(x) = -3*x**2 + 16*x - 3. Let s be l(5). Let p(g) = -15*g**2 - 3 - s*g + 4 - 2*g + 14*g**2. Give p(-4).
1
Let o(q) = q**2 + 3*q + 2. Suppose -6*h + 2*h + 4*g + 52 = 0, -5*h - 5*g = -55. Suppose k - 3 = 2*c, 7*k + 2*c = 5*k - h. Determine o(k).
2
Let h(c) = 2*c**2 - 63*c + 468. Let n be h(12). Let i(g) = -g**3 + 2*g - 1. What is i(n)?
-1
Let a(w) be the third derivative of w**6/120 - w**5/12 - 7*w**4/24 + 3*w**3/2 - 26*w**2. Calculate a(6).
3
Let b(d) = -d**2 - 1. Let n be 27 + -10 + 3 + 9. Let p(z) = 29*z - 1. Let h be p(1). Let y = n - h. Calculate b(y).
-2
Let p(k) = 50*k**2 - k - 2. Let i be p(-1). Let c(l) = l - 90 + i + 42. What is c(2)?
3
Suppose -2*u = 2*z + 18, -11*u + 13*u = -3*z - 23. Let y(o) = -4*o - 3*o - 3 + 4*o. What is y(z)?
12
Let t(v) be the third derivative of -v**7/840 + v**6/60 - v**5/30 - 5*v**4/24 + 37*v**3/6 - 21*v**2. Let p(l) be the first derivative of t(l). What is p(5)?
0
Suppose 0 = 6*k - 2*k. Suppose 3*g - 5*t - 23 = k, 2*t + 4 = -4*g - 0*t. Let i(z) be the first derivative of -13*z**3/3 + z**2/2 - z - 1. Give i(g).
-13
Let y(t) = -9*t + 1. Suppose -o - 2*m + 10 = 0, 0 = -0*m + 2*m - 4. Let f be (o/9)/((-14)/21). What is y(f)?
10
Let g(m) = -m**2 - m - 1. Let r be (-14)/(-63)*(-27)/(-3). Let f(a) = -a**2 + 3*a + 3. Let x(h) = r*g(h) + f(h). Calculate x(-1).
-3
Let p(l) be the first derivative of 1/12*l**4 - 5/2*l**2 + 0*l + 1/60*l**5 - 5/6*l**3 + 5. Let k(j) be the second derivative of p(j). Calculate k(-4).
3
Suppose -195*b = -194*b + 8. Let u(r) = -r**2 - 9*r - 1. Give u(b).
7
Let n(v) = -2*v + 1. Let w(l) = -4*l. Let q(f) = -7*n(f) + 3*w(f). Calculate q(11).
15
Let m be 18/8*(-4)/(-3). Suppose m*a = a + 2. Let j(k) = 10*k - 1. What is j(a)?
9
Suppose -4*j + 2*c + 25 = -1, -27 = -4*j + c. Let s(a) be the second derivative of a**3/3 - 3*a**2 + a. Give s(j).
8
Let y(a) = -a**3 + 9*a**2 - a + 3. Suppose 51*c = 20*c + 279. Give y(c).
-6
Let q(x) = -4*x**2 - 108*x + 3. Let a be q(-27). Let u(l) = -2*l**3 + 3*l**2 + l + 4. Determine u(a).
-20
Let q(v) = -7*v**2 + 24*v - 13*v - 10*v + 14. Let k(u) = 15*u**2 - 3*u - 29. Let o(y) = -6*k(y) - 13*q(y). Let w be o(-6). Let f(a) = -3*a - 2. What is f(w)?
4
Suppose 7*o + 27 = 13. Let p(g) = 2*g**2 + 4*g + 2. What is p(o)?
2
Let h(b) = -6*b + 8. Let v(c) = -13*c - 179. Let r be v(-14). Calculate h(r).
-10
Let r(o) = -9*o**2 + o + 5. Let p(l) = -26*l**2 + 3*l + 14. Let i(q) = -3*p(q) + 8*r(q). Let g(x) be the first derivative of i(x). Determine g(1).
11
Let i(v) = -4*v + 29. Suppose 7*z - 78 = -15. What is i(z)?
-7
Let q(y) = -y**2 + 2*y + 4. Suppose -9 = -5*a - 34. Calculate q(a).
-31
Let n(a) = -a**3 - 8*a**2 - 11*a - 9. Let i = 206 - 213. Calculate n(i).
19
Suppose -z + 12 = 5*z. Let b(u) = -3 - 6 + 9 + u**z + 8*u + 9. Let g be (-12)/(-14)*(-7)/1. What is b(g)?
-3
Let p(d) = -6 - 8001*d**2 + 0 + 4*d + 8002*d**2. What is p(-4)?
-6
Let s(i) = -i + 17. Let z(h) = -h**2 + 16*h - 3. Let n be z(15). Give s(n).
5
Let l = -5 - -5. Let w(o) = o**3 + 1 + 7*o**2 + l*o + 0*o + o. Give w(-7).
-6
Let n(v) = -4*v**2 + v**2 - 3*v + 2 + 2*v**2. Suppose 10 = -2*d + 4*x + 34, 2*x = -2*d + 6. Suppose 4*z - 4*g + 29 - 1 = 0, -2*z = 2*g + d. What is n(z)?
-8
Let n(m) = m + 6. Let b(d) = -1. Let f(o) = -4. Let k(z) = 3*b(z) - f(z). Let h(y) = 2*k(y) - n(y). Calculate h(-4).
0
Let t = -580 - -571. Let m(x) = x**2 + 11*x + 1. What is m(t)?
-17
Let i be (-6)/4 + 1/2. Let c be 7 + 1 + (i - 0). Let w(m) = 0 + m**3 - 2 - 773*m**2 - 8 + 767*m**2 - 5*m. Determine w(c).
4
Let t(d) = d**2 + 2*d - 1. Suppose 0 = 5*w - 33 - 92. Let x(n) = n**2 + w*n + 1 - 43*n + 20*n. Let l be x(-2). What is t(l)?
2
Let o(u) = -u**2 - 5*u + 8. Suppose 2*k + 7 = -5. Let g be o(k). Let f(p) = g*p - 2*p + p + 7. Determine f(-5).
2
Let i(u) = u**2 + 6*u + 2. Let j be (-30)/25*(-40)/(-12). Determine i(j).
-6
Let m(w) be the second derivative of -w**8/6720 + w**7/1260 - w**5/40 + w**4/2 - w. Let f(y) be the third derivative of m(y). Calculate f(3).
-12
Let q(s) = -s**3 - 2*s**2 + 4*s + 4. Let i = 94 + -97. Give q(i).
1
Let t(a) be the third derivative of -a**7/840 - a**6/40 - a**5/12 - a**4/4 + 4*a**3/3 - 10*a**2. Let r(k) be the first derivative of t(k). Give r(-8).
10
Let l(d) = 34*d**2 + d - 3 + 5 - 33*d**2 + 4*d + 6. Calculate l(-7).
22
Let t(n) = -n**2 - 2*n + 4. Let k(b) = -b + 1. Let r(d) = 7*k(d) - 2*t(d). Suppose 31*q - 44 = 49. Calculate r(q).
8
Let j = 70 + -72. Let n(b) = -b**2 + 5*b + 2. Determine n(j).
-12
Let k(b) = -5*b**3 + b**2 - 2. Let m(j) = -11*j**3 + 3*j**2 - 4. Let i(s) = 7*k(s) - 3*m(s). Let d be 36/306 - (-72)/(-34). Give i(d).
6
Let r(s) = 0*s - 1 - s**2 - 4*s + 8*s. Let q(d) = d**2 - 5*d + 5. Let t be q(5). What is r(t)?
-6
Let m(s) = -s**2 + s + 1. Let u be ((-1)/(-2))/((-7)/(-28)). Let d = 5 - u. Suppose d*w - 29 = 5*q, -q + w + 5 = -3*q. Calculate m(q).
-19
Let z(c) = -3*c**2 + 12*c + 10. Let g(v) = -v**2 + 4*v + 4. Let u(s) = -11*g(s) + 4*z(s). Give u(4).
-4
Let f(q) = -q**3 + 10*q**2 - 9*q - 9. Let g be (81/18)/(2/4). Give f(g).
-9
Let y(j) = 2*j - 3. Suppose 133*x = 138*x - 35. What is y(x)?
11
Let f(x) = x**2 - 58*x + 729. Let j be f(39). Let b(m) = m + 19. Calculate b(j).
7
Let b(t) = t**3 - 3*t**2 + 4. Suppose 3 = -h - a - 2*a, 3*h = -2*a + 5. Determine b(h).
4
Suppose -17*a - 10 = -16*a + 3*w, 0 = -w - 3. Let x(z) be the second derivative of 7*z**4/4 - z**3/6 - z**2/2 + z. Determine x(a).
21
Let f(k) = -2*k**3 + k**2 + 3*k - 5. Let g(y) = 35 - y**2 + 4*y**3 - 3*y**3 - 34. Let n(u) = -f(u) - 3*g(u). What is n(2)?
-4
Suppose -2*i = -1 - 21. Let f(w) = -19 + 12*w**2 + 0*w**3 + 32*w - 42*w - 2*w**3 + w**3 + 6. Give f(i).
-2
Let i(k) be the first derivative of 4/3*k**3 - 13 - 1/4*k**4 - 6*k + 7/2*k**2. Calculate i(5).
4
Let f(r) = r - 6. Let g be (1 + 0)/(3/21). Let d be f(g). Let b(u) = d + 2*u - u + 2 + 7. Determine b(0).
10
Let o(b) = 47*b**2 - 33*b**2 - 14*b - b**3 + 3 + 1 + 7. Calculate o(13).
-2
Let c(j) = -j - 4. Let b be -1 - 17/(17/(-90)). Suppose 3*g = -4*k + b, g - k - 11 - 7 = 0. Suppose 6*s + g = -13. Calculate c(s).
2
Let w = 165 - 165. Let x(f) = f - 12. Calculate x(w).
-12
Suppose 21*u - 3 = 22*u. Let i(n) = -n**3 - 5*n**2 - 4*n + 1. Determine i(u).
-5
Let a(t) be the third derivative of -t**6/120 + t**5/20 + t**4/8 + t**3/2 + t**2. Suppose 0 = 3*c + 2*c + 30. Let f be 20/c*(-48)/40. Determine a(f).
-1
Let a(g) = -g + 5. Suppose -14*b - 2 = -2. Calculate a(b).
5
Let u(q) = -q. Suppose w = -2*y + 43 + 11, -3*w = 3*y - 78. Let o = 34 - y. Determine u(o).
-6
Let t(u) = u + 5. Let q be t(-8). Let l = q - -7. Suppose l*s + 1 - 17 = 0. Let x(m) = -m**3 + 6*m**2 - 5*m - 3. What is x(s)?
9
Let o(f) = -288*f**2 + 4*f + 9 + 289*f**2 - 2. Let q be o(-3). Le